2 is divided by 9.
7
Calculate the remainder when 1740 is divided by 215.
20
Calculate the remainder when 58 is divided by 17.
7
What is the remainder when 1251 is divided by 244?
31
What is the remainder when 898 is divided by 31?
30
What is the remainder when 39517 is divided by 247?
244
Calculate the remainder when 623 is divided by 46.
25
Calculate the remainder when 777 is divided by 71.
67
What is the remainder when 77 is divided by 39?
38
Calculate the remainder when 95 is divided by 7.
4
Calculate the remainder when 130 is divided by 59.
12
What is the remainder when 641 is divided by 19?
14
What is the remainder when 468 is divided by 37?
24
What is the remainder when 2998 is divided by 150?
148
Calculate the remainder when 459 is divided by 42.
39
Calculate the remainder when 4004 is divided by 5.
4
Calculate the remainder when 139 is divided by 38.
25
What is the remainder when 110 is divided by 26?
6
What is the remainder when 724 is divided by 220?
64
Calculate the remainder when 261 is divided by 22.
19
What is the remainder when 301 is divided by 84?
49
Calculate the remainder when 51212 is divided by 132.
128
What is the remainder when 1799 is divided by 17?
14
Calculate the remainder when 362 is divided by 33.
32
What is the remainder when 66 is divided by 20?
6
Calculate the remainder when 902 is divided by 90.
2
What is the remainder when 18117 is divided by 15?
12
Calculate the remainder when 546 is divided by 37.
28
Calculate the remainder when 71 is divided by 5.
1
What is the remainder when 638 is divided by 80?
78
Calculate the remainder when 3257 is divided by 20.
17
What is the remainder when 358 is divided by 19?
16
Calculate the remainder when 69027 is divided by 354.
351
What is the remainder when 435 is divided by 143?
6
Calculate the remainder when 11 is divided by 2.
1
What is the remainder when 86 is divided by 35?
16
What is the remainder when 194 is divided by 24?
2
Calculate the remainder when 298 is divided by 13.
12
Calculate the remainder when 492 is divided by 451.
41
Calculate the remainder when 30 is divided by 26.
4
Calculate the remainder when 599 is divided by 82.
25
Calculate the remainder when 171 is divided by 36.
27
Calculate the remainder when 364 is divided by 176.
12
Calculate the remainder when 84 is divided by 30.
24
Calculate the remainder when 10372 is divided by 114.
112
What is the remainder when 664 is divided by 171?
151
What is the remainder when 116 is divided by 116?
0
What is the remainder when 5740 is divided by 26?
20
What is the remainder when 585 is divided by 283?
19
What is the remainder when 3885 is divided by 14?
7
Calculate the remainder when 249 is divided by 48.
9
Calculate the remainder when 105 is divided by 36.
33
What is the remainder when 50308 is divided by 13?
11
Calculate the remainder when 427 is divided by 94.
51
What is the remainder when 1784 is divided by 226?
202
Calculate the remainder when 180 is divided by 78.
24
What is the remainder when 115 is divided by 33?
16
What is the remainder when 250 is divided by 77?
19
What is the remainder when 1286 is divided by 7?
5
Calculate the remainder when 4896 is divided by 1631.
3
Calculate the remainder when 25298 is divided by 50.
48
What is the remainder when 2079 is divided by 20?
19
What is the remainder when 452 is divided by 58?
46
What is the remainder when 1055 is divided by 26?
15
Calculate the remainder when 173 is divided by 84.
5
What is the remainder when 2451 is divided by 811?
18
What is the remainder when 239 is divided by 52?
31
Calculate the remainder when 431 is divided by 16.
15
What is the remainder when 1650 is divided by 324?
30
Calculate the remainder when 2370 is divided by 108.
102
What is the remainder when 3878 is divided by 1288?
14
What is the remainder when 296 is divided by 18?
8
What is the remainder when 3873 is divided by 38?
35
What is the remainder when 155 is divided by 16?
11
Calculate the remainder when 198 is divided by 31.
12
What is the remainder when 1183 is divided by 1180?
3
What is the remainder when 382 is divided by 11?
8
Calculate the remainder when 224 is divided by 25.
24
Calculate the remainder when 61 is divided by 8.
5
What is the remainder when 1566 is divided by 314?
310
Calculate the remainder when 23 is divided by 22.
1
What is the remainder when 86 is divided by 8?
6
What is the remainder when 7369 is divided by 81?
79
Calculate the remainder when 374 is divided by 203.
171
What is the remainder when 168 is divided by 32?
8
Calculate the remainder when 5456 is divided by 13.
9
What is the remainder when 78 is divided by 64?
14
What is the remainder when 84 is divided by 41?
2
What is the remainder when 322 is divided by 47?
40
Calculate the remainder when 221 is divided by 15.
11
What is the remainder when 76 is divided by 30?
16
What is the remainder when 4462 is divided by 17?
8
What is the remainder when 1528 is divided by 256?
248
Calculate the remainder when 416 is divided by 30.
26
What is the remainder when 99 is divided by 17?
14
What is the remainder when 145 is divided by 38?
31
What is the remainder when 171 is divided by 43?
42
What is the remainder when 1406 is divided by 9?
2
Calculate the remainder when 16388 is divided by 8.
4
Calculate the remainder when 407 is divided by 34.
33
Calculate the remainder when 92 is divided by 8.
4
Calculate the remainder when 296 is divided by 76.
68
Calculate the remainder when 554 is divided by 142.
128
What is the remainder when 779 is divided by 130?
129
What is the remainder when 423 is divided by 87?
75
What is the remainder when 17 is divided by 13?
4
Calculate the remainder when 2193 is divided by 2186.
7
What is the remainder when 3346 is divided by 36?
34
Calculate the remainder when 13222 is divided by 76.
74
What is the remainder when 482 is divided by 27?
23
Calculate the remainder when 1404 is divided by 349.
8
Calculate the remainder when 121 is divided by 2.
1
What is the remainder when 79 is divided by 70?
9
What is the remainder when 272 is divided by 60?
32
Calculate the remainder when 360 is divided by 93.
81
Calculate the remainder when 33 is divided by 23.
10
What is the remainder when 1841 is divided by 2?
1
What is the remainder when 2135 is divided by 52?
3
Calculate the remainder when 135 is divided by 20.
15
Calculate the remainder when 95 is divided by 37.
21
Calculate the remainder when 849 is divided by 846.
3
Calculate the remainder when 70 is divided by 47.
23
Calculate the remainder when 16 is divided by 3.
1
What is the remainder when 431 is divided by 27?
26
Calculate the remainder when 5281 is divided by 35.
31
Calculate the remainder when 645 is divided by 54.
51
Calculate the remainder when 7050 is divided by 84.
78
What is the remainder when 6955 is divided by 48?
43
Calculate the remainder when 490 is divided by 124.
118
Calculate the remainder when 262 is divided by 24.
22
Calculate the remainder when 177 is divided by 36.
33
What is the remainder when 3166 is divided by 127?
118
Calculate the remainder when 474 is divided by 97.
86
Calculate the remainder when 193 is divided by 51.
40
Calculate the remainder when 1531 is divided by 306.
1
What is the remainder when 1298 is divided by 20?
18
Calculate the remainder when 2252 is divided by 11.
8
What is the remainder when 107 is divided by 23?
15
Calculate the remainder when 4552 is divided by 12.
4
What is the remainder when 911 is divided by 13?
1
Calculate the remainder when 522 is divided by 258.
6
Calculate the remainder when 408 is divided by 61.
42
What is the remainder when 44 is divided by 24?
20
Calculate the remainder when 270 is divided by 170.
100
What is the remainder when 2399 is divided by 122?
81
What is the remainder when 83 is divided by 55?
28
Calculate the remainder when 14139 is divided by 28.
27
Calculate the remainder when 4492 is divided by 155.
152
What is the remainder when 155 is divided by 3?
2
Calculate the remainder when 93 is divided by 4.
1
What is the remainder when 884 is divided by 19?
10
Calculate the remainder when 37 is divided by 35.
2
What is the remainder when 809 is divided by 81?
80
What is the remainder when 487 is divided by 8?
7
Calculate the remainder when 1877 is 